 of 1 and 10317347.
1
Calculate the greatest common factor of 85 and 3726366.
17
Calculate the highest common divisor of 5846191 and 247.
13
Calculate the highest common divisor of 6209405 and 33840.
235
What is the highest common divisor of 530 and 22955201?
53
Calculate the greatest common divisor of 323550 and 37350.
450
Calculate the highest common factor of 17815585 and 1613.
1613
What is the greatest common factor of 5054 and 174390797?
2527
What is the highest common factor of 1528746778 and 26?
26
What is the greatest common divisor of 24 and 6081496?
8
Calculate the highest common factor of 6972 and 17169380.
332
Calculate the greatest common factor of 392 and 10117352.
56
Calculate the highest common factor of 317768022 and 99.
99
What is the highest common divisor of 774 and 254922?
6
Calculate the highest common factor of 372 and 2228900.
124
What is the greatest common divisor of 55 and 3167868?
11
What is the highest common factor of 988838642 and 11?
11
What is the highest common divisor of 5600448 and 28224?
4032
What is the highest common factor of 30614025 and 10400?
325
What is the greatest common factor of 1601891 and 4709?
277
Calculate the greatest common divisor of 88 and 164504.
8
Calculate the greatest common divisor of 2060 and 25652665.
515
What is the greatest common factor of 7200 and 10294500?
300
What is the highest common divisor of 8778 and 1515822?
462
Calculate the greatest common divisor of 13469055 and 210.
15
What is the highest common divisor of 40207347 and 7749?
1107
What is the greatest common divisor of 68 and 6738834?
34
Calculate the highest common divisor of 84 and 129090836.
28
What is the highest common factor of 1813925 and 15?
5
What is the highest common divisor of 560 and 124776176?
112
What is the greatest common divisor of 701272 and 6424?
88
Calculate the highest common divisor of 450 and 3006105.
15
What is the greatest common factor of 28176500 and 30?
10
Calculate the greatest common factor of 40958301 and 367.
367
Calculate the highest common divisor of 102315 and 160455.
285
Calculate the highest common factor of 396 and 89287.
11
Calculate the greatest common divisor of 391722 and 168.
6
What is the highest common divisor of 2666444 and 4444?
44
Calculate the greatest common factor of 6837 and 164247.
159
Calculate the greatest common divisor of 310 and 534110.
10
What is the greatest common divisor of 54484 and 600352?
1028
Calculate the highest common divisor of 4350 and 31193850.
4350
Calculate the greatest common divisor of 270 and 55266345.
45
What is the greatest common factor of 856848195 and 238?
119
What is the highest common divisor of 36928 and 386756176?
9232
Calculate the greatest common divisor of 3 and 1443142.
1
What is the greatest common divisor of 484 and 15942212?
44
Calculate the highest common divisor of 5135860 and 60.
20
Calculate the greatest common factor of 74 and 778767749.
37
What is the highest common factor of 90842059 and 2926?
1463
Calculate the highest common factor of 5750 and 2314400.
50
What is the greatest common factor of 188790 and 12165?
15
Calculate the greatest common divisor of 451826 and 3395682.
4658
What is the greatest common factor of 10571210 and 8725?
1745
What is the greatest common divisor of 136 and 72671872?
136
What is the highest common divisor of 609865 and 8375?
5
What is the highest common factor of 8967360 and 18240?
960
Calculate the highest common factor of 30327 and 15829.
11
Calculate the highest common factor of 1429875 and 40050.
225
What is the highest common divisor of 884961522 and 18?
18
Calculate the highest common divisor of 12704 and 320957032.
3176
What is the greatest common factor of 151 and 564251817?
151
What is the highest common divisor of 63381185 and 1258?
629
What is the greatest common factor of 4402288 and 3872?
176
Calculate the greatest common divisor of 4597 and 1422684157.
4597
What is the highest common factor of 133801484 and 30216?
5036
What is the greatest common divisor of 427266 and 630?
126
What is the highest common factor of 235566227 and 676?
169
Calculate the highest common factor of 54800752 and 2.
2
Calculate the highest common divisor of 1536 and 1080096.
96
What is the highest common divisor of 585931 and 1996741?
1271
What is the greatest common divisor of 13845 and 4228263?
2769
Calculate the greatest common divisor of 34764976 and 424.
8
Calculate the greatest common divisor of 172 and 7104780.
4
What is the highest common divisor of 107478927 and 2297?
2297
Calculate the highest common divisor of 81592 and 1493828.
868
Calculate the greatest common factor of 82440 and 7201821.
687
What is the greatest common divisor of 10380 and 177168435?
2595
Calculate the greatest common factor of 259 and 28360278.
37
What is the highest common factor of 36 and 2858067?
9
What is the highest common divisor of 32164 and 11137516?
2924
Calculate the highest common divisor of 486 and 20263086.
18
What is the greatest common factor of 9025 and 141835?
95
Calculate the highest common divisor of 1025028 and 3407269.
9491
What is the greatest common factor of 318 and 20945706?
318
Calculate the highest common factor of 1308 and 5189708.
436
What is the highest common factor of 7449 and 2136?
3
What is the greatest common divisor of 271757655 and 390?
195
Calculate the highest common factor of 79060 and 2068835.
295
What is the greatest common divisor of 20492 and 168121491?
5123
Calculate the highest common divisor of 56792460 and 870.
30
Calculate the greatest common divisor of 75 and 3255025.
25
Calculate the greatest common divisor of 1845225 and 20610.
45
Calculate the greatest common divisor of 5240 and 81835176.
1048
What is the greatest common divisor of 22 and 599206?
2
What is the greatest common factor of 125 and 280555?
5
Calculate the greatest common divisor of 130815 and 144423.
81
Calculate the greatest common factor of 10064 and 63016.
8
What is the highest common factor of 34344 and 334536?
1272
Calculate the highest common factor of 2449995 and 3495.
3495
What is the highest common factor of 8439051 and 516?
129
What is the highest common divisor of 192276 and 244755?
441
What is the greatest common factor of 11678983 and 933?
311
What is the greatest common factor of 283689504 and 70632?
7848
What is the greatest common divisor of 30131190 and 3240?
810
Calculate the greatest common divisor of 553 and 8064.
7
Calculate the greatest common divisor of 152128 and 1252679.
2377
What is the greatest common factor of 348 and 1190686524?
348
What is the highest common factor of 3077 and 1272246?
17
Calculate the highest common divisor of 10775930 and 19560.
1630
Calculate the highest common factor of 5343935 and 682045.
7495
Calculate the greatest common factor of 9953 and 206861.
269
What is the greatest common divisor of 319098 and 9906?
78
Calculate the highest common factor of 28827 and 20241.
9
What is the highest common factor of 1465694356 and 566?
566
What is the highest common factor of 13225 and 135765205?
2645
Calculate the greatest common divisor of 546180 and 36390.
30
Calculate the greatest common factor of 240424 and 16149456.
5864
Calculate the greatest common divisor of 14 and 191224173.
7
What is the highest common divisor of 144670730 and 16850?
3370
What is the highest common divisor of 112563342 and 18?
18
What is the greatest common factor of 10 and 6308835?
5
Calculate the highest common factor of 2109 and 7985229.
111
What is the greatest common factor of 5914536 and 16704?
24
What is the greatest common factor of 25528 and 4688?
8
What is the greatest common divisor of 188584 and 85800?
88
What is the greatest common divisor of 4320 and 348435?
135
Calculate the highest common divisor of 1509856 and 249632.
928
Calculate the greatest common divisor of 3321660 and 2088.
348
Calculate the greatest common divisor of 8 and 5330528.
8
Calculate the greatest common divisor of 125626218 and 14133.
2019
Calculate the greatest common divisor of 88 and 64332928.
88
What is the highest common factor of 8568416 and 2784?
32
What is the highest common divisor of 945 and 8708448?
21
Calculate the greatest common divisor of 27588 and 7494.
6
What is the greatest common fa